66.249.79.76 - - [05/Dec/2025:23:30:21 +0600] "GET /detail/891598715 HTTP/1.1" 200 25295 "-" "Mozilla/5.0 (Linux; Android 6.0.1; Nexus 5X Build/MMB29P) AppleWebKit/537.36 (KHTML, like Gecko) Chrome/141.0.7390.122 Mobile Safari/537.36 (compatible; GoogleOther)"
66.249.79.76 - - [05/Dec/2025:23:34:12 +0600] "GET /detail/207687581 HTTP/1.1" 200 25852 "-" "Mozilla/5.0 (Linux; Android 6.0.1; Nexus 5X Build/MMB29P) AppleWebKit/537.36 (KHTML, like Gecko) Chrome/141.0.7390.122 Mobile Safari/537.36 (compatible; GoogleOther)"
206.206.118.113 - - [05/Dec/2025:23:36:58 +0600] "GET /comment.php?1121-bright012 HTTP/1.1" 200 27715 "-" "Mozilla/5.0 (compatible; bingbot/2.0; +http://www.bing.com/bingbot.htm)"
23.26.68.149 - - [05/Dec/2025:23:36:58 +0600] "GET /content.php?1132-bright012 HTTP/1.1" 200 27450 "-" "Mozilla/5.0+(compatible;+Googlebot/2.1;++http://www.google.com/bot.html)"
66.249.79.75 - - [05/Dec/2025:23:37:10 +0600] "GET /detail/823962781 HTTP/1.1" 200 25515 "-" "Mozilla/5.0 (Linux; Android 6.0.1; Nexus 5X Build/MMB29P) AppleWebKit/537.36 (KHTML, like Gecko) Chrome/141.0.7390.122 Mobile Safari/537.36 (compatible; GoogleOther)"
66.249.79.64 - - [05/Dec/2025:23:38:23 +0600] "GET /detail/883886921 HTTP/1.1" 200 25424 "-" "Mozilla/5.0 (Linux; Android 6.0.1; Nexus 5X Build/MMB29P) AppleWebKit/537.36 (KHTML, like Gecko) Chrome/141.0.7390.122 Mobile Safari/537.36 (compatible; GoogleOther)"
66.249.79.76 - - [05/Dec/2025:23:41:04 +0600] "GET /detail/823962781 HTTP/1.1" 200 25515 "-" "Mozilla/5.0 (Linux; Android 6.0.1; Nexus 5X Build/MMB29P) AppleWebKit/537.36 (KHTML, like Gecko) Chrome/141.0.7390.122 Mobile Safari/537.36 (compatible; Googlebot/2.1; +http://www.google.com/bot.html)"
45.148.10.80 - - [05/Dec/2025:23:41:43 +0600] "GET //alcdigital.xyz/wp-includes/js/wp-emoji-loader.min.js HTTP/1.1" 301 22 "-" "Mozilla/5.0 (Macintosh; Intel Mac OS X 10_14_6) AppleWebKit/537.36 (KHTML, like Gecko) Chrome/73.0.3683.75 Safari/537.36"
45.148.10.80 - - [05/Dec/2025:23:41:43 +0600] "GET //alcdigital.xyz/wp-includes/js/dist/script-modules/block-library/navigation/view.min.js HTTP/1.1" 301 22 "-" "Mozilla/5.0 (OS/2; Warp 4.5; rv:31.0) Gecko/20100101 Firefox/31.0 SeaMonkey/2.28"
45.148.10.80 - - [05/Dec/2025:23:41:46 +0600] "GET //alcdigital.xyz/wp-includes/js/wp-emoji-release.min.js HTTP/1.1" 301 22 "-" "Mozilla/5.0 (Windows NT 6.1; WOW64) AppleWebKit/537.36 (KHTML, like Gecko) Chrome/72.0.3626.121 Safari/537.36"
45.148.10.80 - - [05/Dec/2025:23:41:46 +0600] "GET //alcdigital.xyz/wp-includes/js/dist/script-modules/interactivity/index.min.js HTTP/1.1" 301 22 "-" "Mozilla/5.0 (X11; U; Linux i586; en-US; rv:1.7.3) Gecko/20040924 Epiphany/1.4.4 (Ubuntu)"
66.249.79.75 - - [05/Dec/2025:23:41:53 +0600] "GET /detail/105695467 HTTP/1.1" 200 26839 "-" "Mozilla/5.0 (Linux; Android 6.0.1; Nexus 5X Build/MMB29P) AppleWebKit/537.36 (KHTML, like Gecko) Chrome/141.0.7390.122 Mobile Safari/537.36 (compatible; GoogleOther)"
66.249.79.75 - - [05/Dec/2025:23:45:55 +0600] "GET /detail/416300837 HTTP/1.1" 200 26016 "-" "Mozilla/5.0 (Linux; Android 6.0.1; Nexus 5X Build/MMB29P) AppleWebKit/537.36 (KHTML, like Gecko) Chrome/141.0.7390.122 Mobile Safari/537.36 (compatible; GoogleOther)"
66.249.79.64 - - [05/Dec/2025:23:46:08 +0600] "GET /detail/618408312 HTTP/1.1" 200 25496 "-" "Mozilla/5.0 (Linux; Android 6.0.1; Nexus 5X Build/MMB29P) AppleWebKit/537.36 (KHTML, like Gecko) Chrome/141.0.7390.122 Mobile Safari/537.36 (compatible; GoogleOther)"
66.249.79.75 - - [05/Dec/2025:23:46:23 +0600] "GET /detail/233820429 HTTP/1.1" 200 25691 "-" "Mozilla/5.0 (Linux; Android 6.0.1; Nexus 5X Build/MMB29P) AppleWebKit/537.36 (KHTML, like Gecko) Chrome/141.0.7390.122 Mobile Safari/537.36 (compatible; GoogleOther)"
159.203.127.222 - - [05/Dec/2025:23:46:58 +0600] "POST /wp-login.php HTTP/1.1" 200 10078 "-" "Mozilla/5.0"
159.203.127.222 - - [05/Dec/2025:23:46:58 +0600] "POST /wp-login.php HTTP/1.1" 200 10098 "-" "Mozilla/5.0"
159.203.127.222 - - [05/Dec/2025:23:46:58 +0600] "POST /wp-login.php HTTP/1.1" 200 9996 "-" "Mozilla/5.0"
159.203.127.222 - - [05/Dec/2025:23:46:58 +0600] "POST /wp-login.php HTTP/1.1" 200 9666 "-" "Mozilla/5.0"
159.203.127.222 - - [05/Dec/2025:23:46:58 +0600] "POST /wp-login.php HTTP/1.1" 200 9902 "-" "Mozilla/5.0"
159.203.127.222 - - [05/Dec/2025:23:46:58 +0600] "POST /wp-login.php HTTP/1.1" 200 9684 "-" "Mozilla/5.0"
66.249.79.75 - - [05/Dec/2025:23:47:01 +0600] "GET /detail/62767007 HTTP/1.1" 200 25478 "-" "Mozilla/5.0 (Linux; Android 6.0.1; Nexus 5X Build/MMB29P) AppleWebKit/537.36 (KHTML, like Gecko) Chrome/141.0.7390.122 Mobile Safari/537.36 (compatible; GoogleOther)"
66.249.79.75 - - [05/Dec/2025:23:47:43 +0600] "GET /detail/117455933 HTTP/1.1" 200 25255 "-" "Mozilla/5.0 (Linux; Android 6.0.1; Nexus 5X Build/MMB29P) AppleWebKit/537.36 (KHTML, like Gecko) Chrome/141.0.7390.122 Mobile Safari/537.36 (compatible; GoogleOther)"
66.249.79.76 - - [05/Dec/2025:23:48:25 +0600] "GET /detail/366264426 HTTP/1.1" 200 26082 "-" "Mozilla/5.0 (Linux; Android 6.0.1; Nexus 5X Build/MMB29P) AppleWebKit/537.36 (KHTML, like Gecko) Chrome/141.0.7390.122 Mobile Safari/537.36 (compatible; GoogleOther)"
66.249.79.75 - - [05/Dec/2025:23:49:43 +0600] "GET /detail/105366079 HTTP/1.1" 200 25977 "-" "Mozilla/5.0 (Linux; Android 6.0.1; Nexus 5X Build/MMB29P) AppleWebKit/537.36 (KHTML, like Gecko) Chrome/141.0.7390.122 Mobile Safari/537.36 (compatible; GoogleOther)"
66.249.79.75 - - [05/Dec/2025:23:50:28 +0600] "GET /detail/635368298 HTTP/1.1" 200 25408 "-" "Mozilla/5.0 (Linux; Android 6.0.1; Nexus 5X Build/MMB29P) AppleWebKit/537.36 (KHTML, like Gecko) Chrome/141.0.7390.122 Mobile Safari/537.36 (compatible; GoogleOther)"
66.249.79.75 - - [05/Dec/2025:23:50:56 +0600] "GET /detail/374467812 HTTP/1.1" 200 25839 "-" "Mozilla/5.0 (Linux; Android 6.0.1; Nexus 5X Build/MMB29P) AppleWebKit/537.36 (KHTML, like Gecko) Chrome/141.0.7390.122 Mobile Safari/537.36 (compatible; GoogleOther)"
66.249.79.76 - - [05/Dec/2025:23:52:15 +0600] "GET /detail/291585990 HTTP/1.1" 200 26661 "-" "Mozilla/5.0 (Linux; Android 6.0.1; Nexus 5X Build/MMB29P) AppleWebKit/537.36 (KHTML, like Gecko) Chrome/141.0.7390.122 Mobile Safari/537.36 (compatible; GoogleOther)"
66.249.79.75 - - [05/Dec/2025:23:53:31 +0600] "GET /detail/434157915 HTTP/1.1" 200 25774 "-" "Mozilla/5.0 (Linux; Android 6.0.1; Nexus 5X Build/MMB29P) AppleWebKit/537.36 (KHTML, like Gecko) Chrome/141.0.7390.122 Mobile Safari/537.36 (compatible; GoogleOther)"
66.249.79.75 - - [05/Dec/2025:23:54:49 +0600] "GET /detail/895425323 HTTP/1.1" 200 25560 "-" "Mozilla/5.0 (Linux; Android 6.0.1; Nexus 5X Build/MMB29P) AppleWebKit/537.36 (KHTML, like Gecko) Chrome/141.0.7390.122 Mobile Safari/537.36 (compatible; GoogleOther)"
66.249.79.76 - - [05/Dec/2025:23:56:07 +0600] "GET /detail/670891930 HTTP/1.1" 200 25900 "-" "Mozilla/5.0 (Linux; Android 6.0.1; Nexus 5X Build/MMB29P) AppleWebKit/537.36 (KHTML, like Gecko) Chrome/141.0.7390.122 Mobile Safari/537.36 (compatible; GoogleOther)"
66.249.79.76 - - [05/Dec/2025:23:56:19 +0600] "GET /detail/85631614 HTTP/1.1" 200 25760 "-" "Mozilla/5.0 (Linux; Android 6.0.1; Nexus 5X Build/MMB29P) AppleWebKit/537.36 (KHTML, like Gecko) Chrome/141.0.7390.122 Mobile Safari/537.36 (compatible; GoogleOther)"
66.249.79.75 - - [05/Dec/2025:23:57:24 +0600] "GET /detail/385534501 HTTP/1.1" 200 26021 "-" "Mozilla/5.0 (Linux; Android 6.0.1; Nexus 5X Build/MMB29P) AppleWebKit/537.36 (KHTML, like Gecko) Chrome/141.0.7390.122 Mobile Safari/537.36 (compatible; GoogleOther)"
66.249.79.64 - - [05/Dec/2025:23:58:42 +0600] "GET /detail/756807685 HTTP/1.1" 200 25778 "-" "Mozilla/5.0 (Linux; Android 6.0.1; Nexus 5X Build/MMB29P) AppleWebKit/537.36 (KHTML, like Gecko) Chrome/141.0.7390.122 Mobile Safari/537.36 (compatible; GoogleOther)"
66.249.79.64 - - [06/Dec/2025:00:00:10 +0600] "GET /detail/399968046 HTTP/1.1" 200 26205 "-" "Mozilla/5.0 (Linux; Android 6.0.1; Nexus 5X Build/MMB29P) AppleWebKit/537.36 (KHTML, like Gecko) Chrome/141.0.7390.122 Mobile Safari/537.36 (compatible; GoogleOther)"
66.249.79.64 - - [06/Dec/2025:00:01:17 +0600] "GET /detail/227057189 HTTP/1.1" 200 25122 "-" "Mozilla/5.0 (Linux; Android 6.0.1; Nexus 5X Build/MMB29P) AppleWebKit/537.36 (KHTML, like Gecko) Chrome/141.0.7390.122 Mobile Safari/537.36 (compatible; GoogleOther)"
66.249.79.75 - - [06/Dec/2025:00:02:41 +0600] "GET /detail/823471125 HTTP/1.1" 200 26242 "-" "Mozilla/5.0 (Linux; Android 6.0.1; Nexus 5X Build/MMB29P) AppleWebKit/537.36 (KHTML, like Gecko) Chrome/141.0.7390.122 Mobile Safari/537.36 (compatible; GoogleOther)"
159.203.127.222 - - [06/Dec/2025:00:03:51 +0600] "POST /wp-login.php HTTP/1.1" 200 9700 "-" "Mozilla/5.0"
159.203.127.222 - - [06/Dec/2025:00:03:51 +0600] "POST /wp-login.php HTTP/1.1" 200 9926 "-" "Mozilla/5.0"
159.203.127.222 - - [06/Dec/2025:00:03:51 +0600] "POST /wp-login.php HTTP/1.1" 200 9742 "-" "Mozilla/5.0"
159.203.127.222 - - [06/Dec/2025:00:03:51 +0600] "POST /wp-login.php HTTP/1.1" 200 10058 "-" "Mozilla/5.0"
15.235.219.223 - - [06/Dec/2025:00:03:52 +0600] "POST /wp-cron.php?doing_wp_cron=1764957832.0174651145935058593750 HTTP/1.1" 200 20 "-" "WordPress/6.9; https://alcdigital.xyz"
159.203.127.222 - - [06/Dec/2025:00:03:51 +0600] "POST /wp-login.php HTTP/1.1" 200 9686 "-" "Mozilla/5.0"
159.203.127.222 - - [06/Dec/2025:00:03:51 +0600] "POST /wp-login.php HTTP/1.1" 200 9792 "-" "Mozilla/5.0"
66.249.79.76 - - [06/Dec/2025:00:03:52 +0600] "GET /detail/926089458 HTTP/1.1" 200 25490 "-" "Mozilla/5.0 (Linux; Android 6.0.1; Nexus 5X Build/MMB29P) AppleWebKit/537.36 (KHTML, like Gecko) Chrome/141.0.7390.122 Mobile Safari/537.36 (compatible; GoogleOther)"
66.249.79.76 - - [06/Dec/2025:00:05:10 +0600] "GET /detail/815292050 HTTP/1.1" 200 25980 "-" "Mozilla/5.0 (Linux; Android 6.0.1; Nexus 5X Build/MMB29P) AppleWebKit/537.36 (KHTML, like Gecko) Chrome/141.0.7390.122 Mobile Safari/537.36 (compatible; GoogleOther)"
66.249.79.75 - - [06/Dec/2025:00:06:27 +0600] "GET /detail/538157014 HTTP/1.1" 200 25961 "-" "Mozilla/5.0 (Linux; Android 6.0.1; Nexus 5X Build/MMB29P) AppleWebKit/537.36 (KHTML, like Gecko) Chrome/141.0.7390.122 Mobile Safari/537.36 (compatible; GoogleOther)"
66.249.79.76 - - [06/Dec/2025:00:07:45 +0600] "GET /detail/351486625 HTTP/1.1" 200 26912 "-" "Mozilla/5.0 (Linux; Android 6.0.1; Nexus 5X Build/MMB29P) AppleWebKit/537.36 (KHTML, like Gecko) Chrome/141.0.7390.122 Mobile Safari/537.36 (compatible; GoogleOther)"
66.249.79.75 - - [06/Dec/2025:00:09:02 +0600] "GET /detail/678438767 HTTP/1.1" 200 26562 "-" "Mozilla/5.0 (Linux; Android 6.0.1; Nexus 5X Build/MMB29P) AppleWebKit/537.36 (KHTML, like Gecko) Chrome/141.0.7390.122 Mobile Safari/537.36 (compatible; GoogleOther)"
66.249.79.76 - - [06/Dec/2025:00:10:20 +0600] "GET /detail/705348295 HTTP/1.1" 200 26025 "-" "Mozilla/5.0 (Linux; Android 6.0.1; Nexus 5X Build/MMB29P) AppleWebKit/537.36 (KHTML, like Gecko) Chrome/141.0.7390.122 Mobile Safari/537.36 (compatible; GoogleOther)"
66.249.79.75 - - [06/Dec/2025:00:11:38 +0600] "GET /detail/265283371 HTTP/1.1" 200 26261 "-" "Mozilla/5.0 (Linux; Android 6.0.1; Nexus 5X Build/MMB29P) AppleWebKit/537.36 (KHTML, like Gecko) Chrome/141.0.7390.122 Mobile Safari/537.36 (compatible; GoogleOther)"
66.249.79.64 - - [06/Dec/2025:00:12:55 +0600] "GET /detail/616882805 HTTP/1.1" 200 25120 "-" "Mozilla/5.0 (Linux; Android 6.0.1; Nexus 5X Build/MMB29P) AppleWebKit/537.36 (KHTML, like Gecko) Chrome/141.0.7390.122 Mobile Safari/537.36 (compatible; GoogleOther)"
66.249.79.64 - - [06/Dec/2025:00:14:13 +0600] "GET /detail/201953061 HTTP/1.1" 200 25792 "-" "Mozilla/5.0 (Linux; Android 6.0.1; Nexus 5X Build/MMB29P) AppleWebKit/537.36 (KHTML, like Gecko) Chrome/141.0.7390.122 Mobile Safari/537.36 (compatible; GoogleOther)"
66.249.79.75 - - [06/Dec/2025:00:14:40 +0600] "GET /detail/858518632 HTTP/1.1" 200 25792 "-" "Mozilla/5.0 (Linux; Android 6.0.1; Nexus 5X Build/MMB29P) AppleWebKit/537.36 (KHTML, like Gecko) Chrome/141.0.7390.122 Mobile Safari/537.36 (compatible; GoogleOther)"
66.249.79.76 - - [06/Dec/2025:00:15:30 +0600] "GET /detail/760268832 HTTP/1.1" 200 26021 "-" "Mozilla/5.0 (Linux; Android 6.0.1; Nexus 5X Build/MMB29P) AppleWebKit/537.36 (KHTML, like Gecko) Chrome/141.0.7390.122 Mobile Safari/537.36 (compatible; GoogleOther)"
66.249.79.75 - - [06/Dec/2025:00:16:48 +0600] "GET /detail/797814834 HTTP/1.1" 200 25785 "-" "Mozilla/5.0 (Linux; Android 6.0.1; Nexus 5X Build/MMB29P) AppleWebKit/537.36 (KHTML, like Gecko) Chrome/141.0.7390.122 Mobile Safari/537.36 (compatible; GoogleOther)"
66.249.79.76 - - [06/Dec/2025:00:18:06 +0600] "GET /detail/310504308 HTTP/1.1" 200 25510 "-" "Mozilla/5.0 (Linux; Android 6.0.1; Nexus 5X Build/MMB29P) AppleWebKit/537.36 (KHTML, like Gecko) Chrome/141.0.7390.122 Mobile Safari/537.36 (compatible; GoogleOther)"
166.108.237.202 - - [06/Dec/2025:00:19:24 +0600] "GET /wp-admin/import.php HTTP/2" 302 20 "-" "Mozilla/5.0 (Windows NT 10.0; Win64; x64) AppleWebKit/537.36 (KHTML, like Gecko) Chrome/131.0.0.0 Safari/537.36"
166.108.237.202 - - [06/Dec/2025:00:19:24 +0600] "GET /wp-login.php?redirect_to=https%3A%2F%2Falcdigital.xyz%2Fwp-admin%2Fimport.php&reauth=1 HTTP/2" 200 5378 "-" "Mozilla/5.0 (Windows NT 10.0; Win64; x64) AppleWebKit/537.36 (KHTML, like Gecko) Chrome/131.0.0.0 Safari/537.36"
66.249.79.75 - - [06/Dec/2025:00:19:23 +0600] "GET /detail/546536216 HTTP/1.1" 200 25414 "-" "Mozilla/5.0 (Linux; Android 6.0.1; Nexus 5X Build/MMB29P) AppleWebKit/537.36 (KHTML, like Gecko) Chrome/141.0.7390.122 Mobile Safari/537.36 (compatible; GoogleOther)"
159.203.127.222 - - [06/Dec/2025:00:20:36 +0600] "POST /wp-login.php HTTP/1.1" 200 9542 "-" "Mozilla/5.0"
15.235.219.223 - - [06/Dec/2025:00:20:37 +0600] "POST /wp-cron.php?doing_wp_cron=1764958837.3898260593414306640625 HTTP/1.1" 200 20 "-" "WordPress/6.9; https://alcdigital.xyz"
159.203.127.222 - - [06/Dec/2025:00:20:36 +0600] "POST /wp-login.php HTTP/1.1" 200 9922 "-" "Mozilla/5.0"
159.203.127.222 - - [06/Dec/2025:00:20:36 +0600] "POST /wp-login.php HTTP/1.1" 200 9888 "-" "Mozilla/5.0"
159.203.127.222 - - [06/Dec/2025:00:20:36 +0600] "POST /wp-login.php HTTP/1.1" 200 9990 "-" "Mozilla/5.0"
159.203.127.222 - - [06/Dec/2025:00:20:37 +0600] "POST /wp-login.php HTTP/1.1" 200 9856 "-" "Mozilla/5.0"
159.203.127.222 - - [06/Dec/2025:00:20:37 +0600] "POST /wp-login.php HTTP/1.1" 200 9714 "-" "Mozilla/5.0"
66.249.79.75 - - [06/Dec/2025:00:20:38 +0600] "GET /detail/858518632 HTTP/1.1" 200 25792 "-" "Mozilla/5.0 (Linux; Android 6.0.1; Nexus 5X Build/MMB29P) AppleWebKit/537.36 (KHTML, like Gecko) Chrome/141.0.7390.122 Mobile Safari/537.36 (compatible; Googlebot/2.1; +http://www.google.com/bot.html)"
66.249.79.75 - - [06/Dec/2025:00:20:41 +0600] "GET /detail/822236646 HTTP/1.1" 200 25176 "-" "Mozilla/5.0 (Linux; Android 6.0.1; Nexus 5X Build/MMB29P) AppleWebKit/537.36 (KHTML, like Gecko) Chrome/141.0.7390.122 Mobile Safari/537.36 (compatible; GoogleOther)"
66.249.79.76 - - [06/Dec/2025:00:21:58 +0600] "GET /detail/236144736 HTTP/1.1" 200 26724 "-" "Mozilla/5.0 (Linux; Android 6.0.1; Nexus 5X Build/MMB29P) AppleWebKit/537.36 (KHTML, like Gecko) Chrome/141.0.7390.122 Mobile Safari/537.36 (compatible; GoogleOther)"
66.249.79.76 - - [06/Dec/2025:00:23:16 +0600] "GET /detail/487409787 HTTP/1.1" 200 25897 "-" "Mozilla/5.0 (Linux; Android 6.0.1; Nexus 5X Build/MMB29P) AppleWebKit/537.36 (KHTML, like Gecko) Chrome/141.0.7390.122 Mobile Safari/537.36 (compatible; GoogleOther)"
66.249.79.64 - - [06/Dec/2025:00:24:33 +0600] "GET /detail/761838030 HTTP/1.1" 200 25872 "-" "Mozilla/5.0 (Linux; Android 6.0.1; Nexus 5X Build/MMB29P) AppleWebKit/537.36 (KHTML, like Gecko) Chrome/141.0.7390.122 Mobile Safari/537.36 (compatible; GoogleOther)"
66.249.79.75 - - [06/Dec/2025:00:25:36 +0600] "GET /detail/675603025 HTTP/1.1" 200 25625 "-" "Mozilla/5.0 (Linux; Android 6.0.1; Nexus 5X Build/MMB29P) AppleWebKit/537.36 (KHTML, like Gecko) Chrome/141.0.7390.122 Mobile Safari/537.36 (compatible; GoogleOther)"
66.249.79.75 - - [06/Dec/2025:00:25:51 +0600] "GET /detail/451248023 HTTP/1.1" 200 25655 "-" "Mozilla/5.0 (Linux; Android 6.0.1; Nexus 5X Build/MMB29P) AppleWebKit/537.36 (KHTML, like Gecko) Chrome/141.0.7390.122 Mobile Safari/537.36 (compatible; GoogleOther)"
66.249.79.75 - - [06/Dec/2025:00:27:09 +0600] "GET /detail/793800991 HTTP/1.1" 200 25469 "-" "Mozilla/5.0 (Linux; Android 6.0.1; Nexus 5X Build/MMB29P) AppleWebKit/537.36 (KHTML, like Gecko) Chrome/141.0.7390.122 Mobile Safari/537.36 (compatible; GoogleOther)"
66.249.79.75 - - [06/Dec/2025:00:28:26 +0600] "GET /detail/536830454 HTTP/1.1" 200 26552 "-" "Mozilla/5.0 (Linux; Android 6.0.1; Nexus 5X Build/MMB29P) AppleWebKit/537.36 (KHTML, like Gecko) Chrome/141.0.7390.122 Mobile Safari/537.36 (compatible; GoogleOther)"
190.92.209.81 - - [06/Dec/2025:00:29:38 +0600] "GET /wp-admin/update-core.php HTTP/2" 302 20 "-" "Mozilla/5.0 (Macintosh; Intel Mac OS X 10_15_7) AppleWebKit/537.36 (KHTML, like Gecko) Chrome/131.0.0.0 Safari/537.36"
190.92.209.81 - - [06/Dec/2025:00:29:38 +0600] "GET /wp-login.php?redirect_to=https%3A%2F%2Falcdigital.xyz%2Fwp-admin%2Fupdate-core.php&reauth=1 HTTP/2" 200 5220 "-" "Mozilla/5.0 (Macintosh; Intel Mac OS X 10_15_7) AppleWebKit/537.36 (KHTML, like Gecko) Chrome/131.0.0.0 Safari/537.36"
66.249.79.64 - - [06/Dec/2025:00:29:43 +0600] "GET /detail/974400579 HTTP/1.1" 200 25796 "-" "Mozilla/5.0 (Linux; Android 6.0.1; Nexus 5X Build/MMB29P) AppleWebKit/537.36 (KHTML, like Gecko) Chrome/141.0.7390.122 Mobile Safari/537.36 (compatible; GoogleOther)"
66.249.79.75 - - [06/Dec/2025:00:31:01 +0600] "GET /detail/550186775 HTTP/1.1" 200 25773 "-" "Mozilla/5.0 (Linux; Android 6.0.1; Nexus 5X Build/MMB29P) AppleWebKit/537.36 (KHTML, like Gecko) Chrome/141.0.7390.122 Mobile Safari/537.36 (compatible; GoogleOther)"
66.249.79.75 - - [06/Dec/2025:00:31:27 +0600] "GET /detail/959282669 HTTP/1.1" 200 25635 "-" "Mozilla/5.0 (Linux; Android 6.0.1; Nexus 5X Build/MMB29P) AppleWebKit/537.36 (KHTML, like Gecko) Chrome/141.0.7390.122 Mobile Safari/537.36 (compatible; GoogleOther)"
66.249.79.76 - - [06/Dec/2025:00:32:30 +0600] "GET /detail/584936851 HTTP/1.1" 200 26622 "-" "Mozilla/5.0 (Linux; Android 6.0.1; Nexus 5X Build/MMB29P) AppleWebKit/537.36 (KHTML, like Gecko) Chrome/141.0.7390.122 Mobile Safari/537.36 (compatible; GoogleOther)"
4.230.47.183 - - [06/Dec/2025:00:32:48 +0600] "GET /wp-admin/network/admin.php HTTP/1.1" 302 0 "https://www.google.de/" "Mozilla/5.0 (Linux; Android 13; SM-S908E) AppleWebKit/537.36 (KHTML, like Gecko) Chrome/116.0.0.0 Mobile Safari/537.36"
4.230.47.183 - - [06/Dec/2025:00:32:48 +0600] "GET /wp-login.php?redirect_to=https%3A%2F%2Falcdigital.xyz%2Fwp-admin%2Fnetwork%2Fadmin.php&reauth=1 HTTP/1.1" 200 9672 "https://www.google.de/" "Mozilla/5.0 (Linux; Android 13; SM-S908E) AppleWebKit/537.36 (KHTML, like Gecko) Chrome/116.0.0.0 Mobile Safari/537.36"
4.230.47.183 - - [06/Dec/2025:00:32:49 +0600] "GET /wp-admin/network/index.php HTTP/1.1" 302 0 "https://www.google.de/" "Mozilla/5.0 (Linux; Android 13; M2101K6G) AppleWebKit/537.36 (KHTML, like Gecko) Chrome/116.0.0.0 Mobile Safari/537.36"
4.230.47.183 - - [06/Dec/2025:00:32:49 +0600] "GET /wp-login.php?redirect_to=https%3A%2F%2Falcdigital.xyz%2Fwp-admin%2Fnetwork%2Findex.php&reauth=1 HTTP/1.1" 200 9448 "https://www.google.de/" "Mozilla/5.0 (Linux; Android 13; M2101K6G) AppleWebKit/537.36 (KHTML, like Gecko) Chrome/116.0.0.0 Mobile Safari/537.36"
4.230.47.183 - - [06/Dec/2025:00:33:36 +0600] "GET /wp-admin/ HTTP/1.1" 302 0 "https://www.bing.com/" "Mozilla/5.0 (Linux; Android 10; LM-Q720) AppleWebKit/537.36 (KHTML, like Gecko) Chrome/116.0.0.0 Mobile Safari/537.36"
4.230.47.183 - - [06/Dec/2025:00:33:36 +0600] "GET /wp-login.php?redirect_to=https%3A%2F%2Falcdigital.xyz%2Fwp-admin%2F&reauth=1 HTTP/1.1" 200 9381 "https://www.bing.com/" "Mozilla/5.0 (Linux; Android 10; LM-Q720) AppleWebKit/537.36 (KHTML, like Gecko) Chrome/116.0.0.0 Mobile Safari/537.36"
66.249.79.64 - - [06/Dec/2025:00:33:36 +0600] "GET /detail/81272980 HTTP/1.1" 200 26052 "-" "Mozilla/5.0 (Linux; Android 6.0.1; Nexus 5X Build/MMB29P) AppleWebKit/537.36 (KHTML, like Gecko) Chrome/141.0.7390.122 Mobile Safari/537.36 (compatible; GoogleOther)"
4.230.47.183 - - [06/Dec/2025:00:34:12 +0600] "GET /wp-admin/network/ HTTP/1.1" 302 0 "https://www.google.co.uk/" "Mozilla/5.0 (Linux; Android 10; K) AppleWebKit/537.36 (KHTML, like Gecko) Chrome/117.0.0.0 Mobile Safari/537.36"
4.230.47.183 - - [06/Dec/2025:00:34:12 +0600] "GET /wp-login.php?redirect_to=https%3A%2F%2Falcdigital.xyz%2Fwp-admin%2Fnetwork%2F&reauth=1 HTTP/1.1" 200 9507 "https://www.google.co.uk/" "Mozilla/5.0 (Linux; Android 10; K) AppleWebKit/537.36 (KHTML, like Gecko) Chrome/117.0.0.0 Mobile Safari/537.36"
4.230.47.183 - - [06/Dec/2025:00:34:13 +0600] "GET /wp-admin/user/ HTTP/1.1" 302 0 "https://www.google.com/" "Mozilla/5.0 (iPhone; CPU iPhone OS 17_0_3 like Mac OS X) AppleWebKit/605.1.15 (KHTML, like Gecko) Version/17.0.1 Mobile/15E148 Safari/604.1"
4.230.47.183 - - [06/Dec/2025:00:34:13 +0600] "GET /wp-login.php?redirect_to=https%3A%2F%2Falcdigital.xyz%2Fwp-admin%2Fuser%2F&reauth=1 HTTP/1.1" 200 9408 "https://www.google.com/" "Mozilla/5.0 (iPhone; CPU iPhone OS 17_0_3 like Mac OS X) AppleWebKit/605.1.15 (KHTML, like Gecko) Version/17.0.1 Mobile/15E148 Safari/604.1"
66.249.79.75 - - [06/Dec/2025:00:34:53 +0600] "GET /detail/464801631 HTTP/1.1" 200 25178 "-" "Mozilla/5.0 (Linux; Android 6.0.1; Nexus 5X Build/MMB29P) AppleWebKit/537.36 (KHTML, like Gecko) Chrome/141.0.7390.122 Mobile Safari/537.36 (compatible; GoogleOther)"
66.249.79.75 - - [06/Dec/2025:00:36:11 +0600] "GET /detail/821311241 HTTP/1.1" 200 25871 "-" "Mozilla/5.0 (Linux; Android 6.0.1; Nexus 5X Build/MMB29P) AppleWebKit/537.36 (KHTML, like Gecko) Chrome/141.0.7390.122 Mobile Safari/537.36 (compatible; GoogleOther)"
159.203.127.222 - - [06/Dec/2025:00:37:15 +0600] "POST /wp-login.php HTTP/1.1" 200 10010 "-" "Mozilla/5.0"
159.203.127.222 - - [06/Dec/2025:00:37:15 +0600] "POST /wp-login.php HTTP/1.1" 200 9848 "-" "Mozilla/5.0"
159.203.127.222 - - [06/Dec/2025:00:37:15 +0600] "POST /wp-login.php HTTP/1.1" 200 9422 "-" "Mozilla/5.0"
159.203.127.222 - - [06/Dec/2025:00:37:15 +0600] "POST /wp-login.php HTTP/1.1" 200 9690 "-" "Mozilla/5.0"
159.203.127.222 - - [06/Dec/2025:00:37:15 +0600] "POST /wp-login.php HTTP/1.1" 200 9860 "-" "Mozilla/5.0"
159.203.127.222 - - [06/Dec/2025:00:37:16 +0600] "POST /wp-login.php HTTP/1.1" 200 9882 "-" "Mozilla/5.0"
66.249.79.76 - - [06/Dec/2025:00:37:19 +0600] "GET /detail/764585710 HTTP/1.1" 200 25867 "-" "Mozilla/5.0 (Linux; Android 6.0.1; Nexus 5X Build/MMB29P) AppleWebKit/537.36 (KHTML, like Gecko) Chrome/141.0.7390.122 Mobile Safari/537.36 (compatible; GoogleOther)"
66.249.79.75 - - [06/Dec/2025:00:37:32 +0600] "GET /detail/47073993 HTTP/1.1" 200 26126 "-" "Mozilla/5.0 (Linux; Android 6.0.1; Nexus 5X Build/MMB29P) AppleWebKit/537.36 (KHTML, like Gecko) Chrome/141.0.7390.122 Mobile Safari/537.36 (compatible; GoogleOther)"
66.249.79.75 - - [06/Dec/2025:00:38:47 +0600] "GET /detail/900736666 HTTP/1.1" 200 26037 "-" "Mozilla/5.0 (Linux; Android 6.0.1; Nexus 5X Build/MMB29P) AppleWebKit/537.36 (KHTML, like Gecko) Chrome/141.0.7390.122 Mobile Safari/537.36 (compatible; GoogleOther)"
66.249.79.76 - - [06/Dec/2025:00:40:04 +0600] "GET /detail/433469161 HTTP/1.1" 200 25942 "-" "Mozilla/5.0 (Linux; Android 6.0.1; Nexus 5X Build/MMB29P) AppleWebKit/537.36 (KHTML, like Gecko) Chrome/141.0.7390.122 Mobile Safari/537.36 (compatible; GoogleOther)"
66.249.79.75 - - [06/Dec/2025:00:41:22 +0600] "GET /detail/764990101 HTTP/1.1" 200 25772 "-" "Mozilla/5.0 (Linux; Android 6.0.1; Nexus 5X Build/MMB29P) AppleWebKit/537.36 (KHTML, like Gecko) Chrome/141.0.7390.122 Mobile Safari/537.36 (compatible; GoogleOther)"
66.249.79.76 - - [06/Dec/2025:00:42:40 +0600] "GET /detail/502976241 HTTP/1.1" 200 26654 "-" "Mozilla/5.0 (Linux; Android 6.0.1; Nexus 5X Build/MMB29P) AppleWebKit/537.36 (KHTML, like Gecko) Chrome/141.0.7390.122 Mobile Safari/537.36 (compatible; GoogleOther)"
66.249.79.76 - - [06/Dec/2025:00:43:10 +0600] "GET /detail/685997654 HTTP/1.1" 200 26072 "-" "Mozilla/5.0 (Linux; Android 6.0.1; Nexus 5X Build/MMB29P) AppleWebKit/537.36 (KHTML, like Gecko) Chrome/141.0.7390.122 Mobile Safari/537.36 (compatible; GoogleOther)"
66.249.79.75 - - [06/Dec/2025:00:43:57 +0600] "GET /detail/358317034 HTTP/1.1" 200 26865 "-" "Mozilla/5.0 (Linux; Android 6.0.1; Nexus 5X Build/MMB29P) AppleWebKit/537.36 (KHTML, like Gecko) Chrome/141.0.7390.122 Mobile Safari/537.36 (compatible; GoogleOther)"
66.249.79.64 - - [06/Dec/2025:00:45:15 +0600] "GET /detail/564071799 HTTP/1.1" 200 26544 "-" "Mozilla/5.0 (Linux; Android 6.0.1; Nexus 5X Build/MMB29P) AppleWebKit/537.36 (KHTML, like Gecko) Chrome/141.0.7390.122 Mobile Safari/537.36 (compatible; GoogleOther)"
173.252.70.11 - - [06/Dec/2025:00:45:21 +0600] "GET /robots.txt HTTP/2" 206 68 "-" "facebookexternalhit/1.1 (+http://www.facebook.com/externalhit_uatext.php)"
69.171.230.115 - - [06/Dec/2025:00:45:21 +0600] "GET /robots.txt HTTP/2" 206 68 "-" "facebookexternalhit/1.1 (+http://www.facebook.com/externalhit_uatext.php)"
57.141.14.39 - - [06/Dec/2025:00:45:22 +0600] "GET /detail/13359998 HTTP/2" 200 2 "-" "meta-externalagent/1.1 (+https://developers.facebook.com/docs/sharing/webmasters/crawler)"
66.249.79.64 - - [06/Dec/2025:00:46:32 +0600] "GET /detail/251467064 HTTP/1.1" 200 25761 "-" "Mozilla/5.0 (Linux; Android 6.0.1; Nexus 5X Build/MMB29P) AppleWebKit/537.36 (KHTML, like Gecko) Chrome/141.0.7390.122 Mobile Safari/537.36 (compatible; GoogleOther)"
66.249.79.75 - - [06/Dec/2025:00:46:46 +0600] "GET /detail/517836509 HTTP/1.1" 200 25622 "-" "Mozilla/5.0 (Linux; Android 6.0.1; Nexus 5X Build/MMB29P) AppleWebKit/537.36 (KHTML, like Gecko) Chrome/141.0.7390.122 Mobile Safari/537.36 (compatible; GoogleOther)"
66.249.79.64 - - [06/Dec/2025:00:47:31 +0600] "GET /detail/517836509 HTTP/1.1" 200 25622 "-" "Mozilla/5.0 (Linux; Android 6.0.1; Nexus 5X Build/MMB29P) AppleWebKit/537.36 (KHTML, like Gecko) Chrome/141.0.7390.122 Mobile Safari/537.36 (compatible; Googlebot/2.1; +http://www.google.com/bot.html)"
66.249.79.76 - - [06/Dec/2025:00:47:50 +0600] "GET /detail/76693954 HTTP/1.1" 200 26363 "-" "Mozilla/5.0 (Linux; Android 6.0.1; Nexus 5X Build/MMB29P) AppleWebKit/537.36 (KHTML, like Gecko) Chrome/141.0.7390.122 Mobile Safari/537.36 (compatible; GoogleOther)"
66.249.79.76 - - [06/Dec/2025:00:49:21 +0600] "GET /detail/918610550 HTTP/1.1" 200 25853 "-" "Mozilla/5.0 (Linux; Android 6.0.1; Nexus 5X Build/MMB29P) AppleWebKit/537.36 (KHTML, like Gecko) Chrome/141.0.7390.122 Mobile Safari/537.36 (compatible; GoogleOther)"
66.249.79.75 - - [06/Dec/2025:00:50:25 +0600] "GET /detail/824181485 HTTP/1.1" 200 25404 "-" "Mozilla/5.0 (Linux; Android 6.0.1; Nexus 5X Build/MMB29P) AppleWebKit/537.36 (KHTML, like Gecko) Chrome/141.0.7390.122 Mobile Safari/537.36 (compatible; GoogleOther)"
66.249.79.75 - - [06/Dec/2025:00:51:43 +0600] "GET /detail/35482736 HTTP/1.1" 200 25997 "-" "Mozilla/5.0 (Linux; Android 6.0.1; Nexus 5X Build/MMB29P) AppleWebKit/537.36 (KHTML, like Gecko) Chrome/141.0.7390.122 Mobile Safari/537.36 (compatible; GoogleOther)"
66.249.79.64 - - [06/Dec/2025:00:52:10 +0600] "GET /detail/695648556 HTTP/1.1" 200 26036 "-" "Mozilla/5.0 (Linux; Android 6.0.1; Nexus 5X Build/MMB29P) AppleWebKit/537.36 (KHTML, like Gecko) Chrome/141.0.7390.122 Mobile Safari/537.36 (compatible; GoogleOther)"
66.249.79.75 - - [06/Dec/2025:00:52:30 +0600] "GET /detail/695648556 HTTP/1.1" 200 26036 "-" "Mozilla/5.0 (Linux; Android 6.0.1; Nexus 5X Build/MMB29P) AppleWebKit/537.36 (KHTML, like Gecko) Chrome/141.0.7390.122 Mobile Safari/537.36 (compatible; Googlebot/2.1; +http://www.google.com/bot.html)"
66.249.79.76 - - [06/Dec/2025:00:53:00 +0600] "GET /detail/582589786 HTTP/1.1" 200 26267 "-" "Mozilla/5.0 (Linux; Android 6.0.1; Nexus 5X Build/MMB29P) AppleWebKit/537.36 (KHTML, like Gecko) Chrome/141.0.7390.122 Mobile Safari/537.36 (compatible; GoogleOther)"
66.249.79.75 - - [06/Dec/2025:00:53:51 +0600] "GET /detail/865946076 HTTP/1.1" 200 25764 "-" "Mozilla/5.0 (Linux; Android 6.0.1; Nexus 5X Build/MMB29P) AppleWebKit/537.36 (KHTML, like Gecko) Chrome/141.0.7390.122 Mobile Safari/537.36 (compatible; GoogleOther)"
159.203.127.222 - - [06/Dec/2025:00:53:58 +0600] "POST /wp-login.php HTTP/1.1" 200 10042 "-" "Mozilla/5.0"
159.203.127.222 - - [06/Dec/2025:00:53:58 +0600] "POST /wp-login.php HTTP/1.1" 200 9740 "-" "Mozilla/5.0"
159.203.127.222 - - [06/Dec/2025:00:53:58 +0600] "POST /wp-login.php HTTP/1.1" 200 9906 "-" "Mozilla/5.0"
159.203.127.222 - - [06/Dec/2025:00:53:58 +0600] "POST /wp-login.php HTTP/1.1" 200 9748 "-" "Mozilla/5.0"
159.203.127.222 - - [06/Dec/2025:00:53:58 +0600] "POST /wp-login.php HTTP/1.1" 200 9914 "-" "Mozilla/5.0"
159.203.127.222 - - [06/Dec/2025:00:53:58 +0600] "POST /wp-login.php HTTP/1.1" 200 9942 "-" "Mozilla/5.0"
66.249.79.64 - - [06/Dec/2025:00:54:18 +0600] "GET /detail/606794341 HTTP/1.1" 200 26000 "-" "Mozilla/5.0 (Linux; Android 6.0.1; Nexus 5X Build/MMB29P) AppleWebKit/537.36 (KHTML, like Gecko) Chrome/141.0.7390.122 Mobile Safari/537.36 (compatible; GoogleOther)"
66.249.79.75 - - [06/Dec/2025:00:54:31 +0600] "GET /detail/865946076 HTTP/1.1" 200 25764 "-" "Mozilla/5.0 (Linux; Android 6.0.1; Nexus 5X Build/MMB29P) AppleWebKit/537.36 (KHTML, like Gecko) Chrome/141.0.7390.122 Mobile Safari/537.36 (compatible; Googlebot/2.1; +http://www.google.com/bot.html)"
66.249.79.75 - - [06/Dec/2025:00:55:35 +0600] "GET /detail/733319020 HTTP/1.1" 200 25295 "-" "Mozilla/5.0 (Linux; Android 6.0.1; Nexus 5X Build/MMB29P) AppleWebKit/537.36 (KHTML, like Gecko) Chrome/141.0.7390.122 Mobile Safari/537.36 (compatible; GoogleOther)"
66.249.79.76 - - [06/Dec/2025:00:56:53 +0600] "GET /detail/814674293 HTTP/1.1" 200 25731 "-" "Mozilla/5.0 (Linux; Android 6.0.1; Nexus 5X Build/MMB29P) AppleWebKit/537.36 (KHTML, like Gecko) Chrome/141.0.7390.122 Mobile Safari/537.36 (compatible; GoogleOther)"
66.249.79.76 - - [06/Dec/2025:00:58:29 +0600] "GET /detail/526686007 HTTP/1.1" 200 25947 "-" "Mozilla/5.0 (Linux; Android 6.0.1; Nexus 5X Build/MMB29P) AppleWebKit/537.36 (KHTML, like Gecko) Chrome/141.0.7390.122 Mobile Safari/537.36 (compatible; GoogleOther)"
66.249.79.64 - - [06/Dec/2025:01:00:05 +0600] "GET /detail/365775657 HTTP/1.1" 200 25873 "-" "Mozilla/5.0 (Linux; Android 6.0.1; Nexus 5X Build/MMB29P) AppleWebKit/537.36 (KHTML, like Gecko) Chrome/141.0.7390.122 Mobile Safari/537.36 (compatible; GoogleOther)"
66.249.79.64 - - [06/Dec/2025:01:01:40 +0600] "GET /detail/205794038 HTTP/1.1" 200 26088 "-" "Mozilla/5.0 (Linux; Android 6.0.1; Nexus 5X Build/MMB29P) AppleWebKit/537.36 (KHTML, like Gecko) Chrome/141.0.7390.122 Mobile Safari/537.36 (compatible; GoogleOther)"
66.249.79.75 - - [06/Dec/2025:01:03:16 +0600] "GET /detail/424125775 HTTP/1.1" 200 26123 "-" "Mozilla/5.0 (Linux; Android 6.0.1; Nexus 5X Build/MMB29P) AppleWebKit/537.36 (KHTML, like Gecko) Chrome/141.0.7390.122 Mobile Safari/537.36 (compatible; GoogleOther)"
66.249.79.76 - - [06/Dec/2025:01:04:52 +0600] "GET /detail/365132221 HTTP/1.1" 200 25567 "-" "Mozilla/5.0 (Linux; Android 6.0.1; Nexus 5X Build/MMB29P) AppleWebKit/537.36 (KHTML, like Gecko) Chrome/141.0.7390.122 Mobile Safari/537.36 (compatible; GoogleOther)"
66.249.79.75 - - [06/Dec/2025:01:06:27 +0600] "GET /detail/156118950 HTTP/1.1" 200 26689 "-" "Mozilla/5.0 (Linux; Android 6.0.1; Nexus 5X Build/MMB29P) AppleWebKit/537.36 (KHTML, like Gecko) Chrome/141.0.7390.122 Mobile Safari/537.36 (compatible; GoogleOther)"
66.249.79.76 - - [06/Dec/2025:01:08:03 +0600] "GET /detail/792412100 HTTP/1.1" 200 25813 "-" "Mozilla/5.0 (Linux; Android 6.0.1; Nexus 5X Build/MMB29P) AppleWebKit/537.36 (KHTML, like Gecko) Chrome/141.0.7390.122 Mobile Safari/537.36 (compatible; GoogleOther)"
66.249.79.64 - - [06/Dec/2025:01:09:39 +0600] "GET /detail/988932292 HTTP/1.1" 200 26001 "-" "Mozilla/5.0 (Linux; Android 6.0.1; Nexus 5X Build/MMB29P) AppleWebKit/537.36 (KHTML, like Gecko) Chrome/141.0.7390.122 Mobile Safari/537.36 (compatible; GoogleOther)"
15.235.219.223 - - [06/Dec/2025:01:10:35 +0600] "POST /wp-cron.php?doing_wp_cron=1764961835.0643699169158935546875 HTTP/1.1" 200 20 "-" "WordPress/6.9; https://alcdigital.xyz"
159.203.127.222 - - [06/Dec/2025:01:10:34 +0600] "POST /wp-login.php HTTP/1.1" 200 9698 "-" "Mozilla/5.0"
15.235.219.223 - - [06/Dec/2025:01:10:35 +0600] "POST /wp-cron.php?doing_wp_cron=1764961835.0643029212951660156250 HTTP/1.1" 200 20 "-" "WordPress/6.9; https://alcdigital.xyz"
15.235.219.223 - - [06/Dec/2025:01:10:35 +0600] "POST /wp-cron.php?doing_wp_cron=1764961835.0734910964965820312500 HTTP/1.1" 200 20 "-" "WordPress/6.9; https://alcdigital.xyz"
159.203.127.222 - - [06/Dec/2025:01:10:34 +0600] "POST /wp-login.php HTTP/1.1" 200 9606 "-" "Mozilla/5.0"
159.203.127.222 - - [06/Dec/2025:01:10:34 +0600] "POST /wp-login.php HTTP/1.1" 200 9788 "-" "Mozilla/5.0"
15.235.219.223 - - [06/Dec/2025:01:10:35 +0600] "POST /wp-cron.php?doing_wp_cron=1764961835.0757150650024414062500 HTTP/1.1" 200 20 "-" "WordPress/6.9; https://alcdigital.xyz"
159.203.127.222 - - [06/Dec/2025:01:10:34 +0600] "POST /wp-login.php HTTP/1.1" 200 10054 "-" "Mozilla/5.0"
15.235.219.223 - - [06/Dec/2025:01:10:35 +0600] "POST /wp-cron.php?doing_wp_cron=1764961835.2767450809478759765625 HTTP/1.1" 200 20 "-" "WordPress/6.9; https://alcdigital.xyz"
159.203.127.222 - - [06/Dec/2025:01:10:34 +0600] "POST /wp-login.php HTTP/1.1" 200 9668 "-" "Mozilla/5.0"
159.203.127.222 - - [06/Dec/2025:01:10:34 +0600] "POST /wp-login.php HTTP/1.1" 200 10258 "-" "Mozilla/5.0"
66.249.79.76 - - [06/Dec/2025:01:11:07 +0600] "GET /detail/568695852 HTTP/1.1" 200 26408 "-" "Mozilla/5.0 (Linux; Android 6.0.1; Nexus 5X Build/MMB29P) AppleWebKit/537.36 (KHTML, like Gecko) Chrome/141.0.7390.122 Mobile Safari/537.36 (compatible; GoogleOther)"
66.249.79.76 - - [06/Dec/2025:01:11:22 +0600] "GET /detail/509369617 HTTP/1.1" 200 25799 "-" "Mozilla/5.0 (Linux; Android 6.0.1; Nexus 5X Build/MMB29P) AppleWebKit/537.36 (KHTML, like Gecko) Chrome/141.0.7390.122 Mobile Safari/537.36 (compatible; GoogleOther)"
66.249.79.76 - - [06/Dec/2025:01:12:50 +0600] "GET /detail/451143970 HTTP/1.1" 200 25913 "-" "Mozilla/5.0 (Linux; Android 6.0.1; Nexus 5X Build/MMB29P) AppleWebKit/537.36 (KHTML, like Gecko) Chrome/141.0.7390.122 Mobile Safari/537.36 (compatible; GoogleOther)"
66.249.79.76 - - [06/Dec/2025:01:14:26 +0600] "GET /detail/597418858 HTTP/1.1" 200 25897 "-" "Mozilla/5.0 (Linux; Android 6.0.1; Nexus 5X Build/MMB29P) AppleWebKit/537.36 (KHTML, like Gecko) Chrome/141.0.7390.122 Mobile Safari/537.36 (compatible; GoogleOther)"
66.249.79.75 - - [06/Dec/2025:01:25:36 +0600] "GET /detail/538358222 HTTP/1.1" 200 26403 "-" "Mozilla/5.0 (Linux; Android 6.0.1; Nexus 5X Build/MMB29P) AppleWebKit/537.36 (KHTML, like Gecko) Chrome/141.0.7390.122 Mobile Safari/537.36 (compatible; GoogleOther)"
66.249.79.76 - - [06/Dec/2025:01:16:02 +0600] "GET /detail/295175406 HTTP/1.1" 200 25578 "-" "Mozilla/5.0 (Linux; Android 6.0.1; Nexus 5X Build/MMB29P) AppleWebKit/537.36 (KHTML, like Gecko) Chrome/141.0.7390.122 Mobile Safari/537.36 (compatible; GoogleOther)"
66.249.79.75 - - [06/Dec/2025:01:17:38 +0600] "GET /detail/918536370 HTTP/1.1" 200 25722 "-" "Mozilla/5.0 (Linux; Android 6.0.1; Nexus 5X Build/MMB29P) AppleWebKit/537.36 (KHTML, like Gecko) Chrome/141.0.7390.122 Mobile Safari/537.36 (compatible; GoogleOther)"
66.249.79.75 - - [06/Dec/2025:01:19:25 +0600] "GET /detail/49685097 HTTP/1.1" 200 26540 "-" "Mozilla/5.0 (Linux; Android 6.0.1; Nexus 5X Build/MMB29P) AppleWebKit/537.36 (KHTML, like Gecko) Chrome/141.0.7390.122 Mobile Safari/537.36 (compatible; GoogleOther)"
66.249.79.64 - - [06/Dec/2025:01:20:07 +0600] "GET /detail/615756982 HTTP/1.1" 200 25689 "-" "Mozilla/5.0 (Linux; Android 6.0.1; Nexus 5X Build/MMB29P) AppleWebKit/537.36 (KHTML, like Gecko) Chrome/141.0.7390.122 Mobile Safari/537.36 (compatible; GoogleOther)"
66.249.79.75 - - [06/Dec/2025:01:20:33 +0600] "GET /detail/615756982 HTTP/1.1" 200 25689 "-" "Mozilla/5.0 (Linux; Android 6.0.1; Nexus 5X Build/MMB29P) AppleWebKit/537.36 (KHTML, like Gecko) Chrome/141.0.7390.122 Mobile Safari/537.36 (compatible; Googlebot/2.1; +http://www.google.com/bot.html)"
66.249.79.75 - - [06/Dec/2025:01:20:40 +0600] "GET /detail/688980432 HTTP/1.1" 200 26009 "-" "Mozilla/5.0 (Linux; Android 6.0.1; Nexus 5X Build/MMB29P) AppleWebKit/537.36 (KHTML, like Gecko) Chrome/141.0.7390.122 Mobile Safari/537.36 (compatible; GoogleOther)"
66.249.79.75 - - [06/Dec/2025:01:20:54 +0600] "GET /detail/758004716 HTTP/1.1" 200 25753 "-" "Mozilla/5.0 (Linux; Android 6.0.1; Nexus 5X Build/MMB29P) AppleWebKit/537.36 (KHTML, like Gecko) Chrome/141.0.7390.122 Mobile Safari/537.36 (compatible; GoogleOther)"
66.249.79.76 - - [06/Dec/2025:01:22:25 +0600] "GET /detail/96745466 HTTP/1.1" 200 26147 "-" "Mozilla/5.0 (Linux; Android 6.0.1; Nexus 5X Build/MMB29P) AppleWebKit/537.36 (KHTML, like Gecko) Chrome/141.0.7390.122 Mobile Safari/537.36 (compatible; GoogleOther)"
66.249.79.76 - - [06/Dec/2025:01:24:01 +0600] "GET /detail/71946960 HTTP/1.1" 200 25794 "-" "Mozilla/5.0 (Linux; Android 6.0.1; Nexus 5X Build/MMB29P) AppleWebKit/537.36 (KHTML, like Gecko) Chrome/141.0.7390.122 Mobile Safari/537.36 (compatible; GoogleOther)"
159.203.127.222 - - [06/Dec/2025:01:27:13 +0600] "POST /wp-login.php HTTP/1.1" 200 9738 "-" "Mozilla/5.0"
159.203.127.222 - - [06/Dec/2025:01:27:13 +0600] "POST /wp-login.php HTTP/1.1" 200 9842 "-" "Mozilla/5.0"
159.203.127.222 - - [06/Dec/2025:01:27:13 +0600] "POST /wp-login.php HTTP/1.1" 200 10014 "-" "Mozilla/5.0"
159.203.127.222 - - [06/Dec/2025:01:27:13 +0600] "POST /wp-login.php HTTP/1.1" 200 9672 "-" "Mozilla/5.0"
159.203.127.222 - - [06/Dec/2025:01:27:13 +0600] "POST /wp-login.php HTTP/1.1" 200 10046 "-" "Mozilla/5.0"
159.203.127.222 - - [06/Dec/2025:01:27:13 +0600] "POST /wp-login.php HTTP/1.1" 200 9924 "-" "Mozilla/5.0"
66.249.79.75 - - [06/Dec/2025:01:27:12 +0600] "GET /detail/784285037 HTTP/1.1" 200 25812 "-" "Mozilla/5.0 (Linux; Android 6.0.1; Nexus 5X Build/MMB29P) AppleWebKit/537.36 (KHTML, like Gecko) Chrome/141.0.7390.122 Mobile Safari/537.36 (compatible; GoogleOther)"
66.249.79.76 - - [06/Dec/2025:01:28:48 +0600] "GET /detail/633521138 HTTP/1.1" 200 25283 "-" "Mozilla/5.0 (Linux; Android 6.0.1; Nexus 5X Build/MMB29P) AppleWebKit/537.36 (KHTML, like Gecko) Chrome/141.0.7390.122 Mobile Safari/537.36 (compatible; GoogleOther)"
66.249.79.76 - - [06/Dec/2025:01:29:18 +0600] "GET /detail/605387342 HTTP/1.1" 200 25335 "-" "Mozilla/5.0 (Linux; Android 6.0.1; Nexus 5X Build/MMB29P) AppleWebKit/537.36 (KHTML, like Gecko) Chrome/141.0.7390.122 Mobile Safari/537.36 (compatible; GoogleOther)"
125.209.124.123 - - [06/Dec/2025:01:41:40 +0600] "POST /xmlrpc.php HTTP/1.1" 200 440 "-" "Mozilla/5.0 (Windows NT 6.2; x86) AppleWebKit/537.36 (KHTML, like Gecko) Chrome/97.0.0.0 Safari/537.36"
66.249.79.75 - - [06/Dec/2025:01:43:10 +0600] "GET /detail/902263865 HTTP/1.1" 200 25897 "-" "Mozilla/5.0 (Linux; Android 6.0.1; Nexus 5X Build/MMB29P) AppleWebKit/537.36 (KHTML, like Gecko) Chrome/141.0.7390.122 Mobile Safari/537.36 (compatible; GoogleOther)"
125.209.124.123 - - [06/Dec/2025:01:43:14 +0600] "POST /xmlrpc.php HTTP/1.1" 200 440 "-" "Mozilla/5.0 (Windows NT 6.2; x86) AppleWebKit/537.36 (KHTML, like Gecko) Chrome/80.0.0.0 Safari/537.36"
159.203.127.222 - - [06/Dec/2025:01:43:49 +0600] "POST /wp-login.php HTTP/1.1" 200 9550 "-" "Mozilla/5.0"
159.203.127.222 - - [06/Dec/2025:01:43:49 +0600] "POST /wp-login.php HTTP/1.1" 200 10138 "-" "Mozilla/5.0"
159.203.127.222 - - [06/Dec/2025:01:43:49 +0600] "POST /wp-login.php HTTP/1.1" 200 9806 "-" "Mozilla/5.0"
159.203.127.222 - - [06/Dec/2025:01:43:49 +0600] "POST /wp-login.php HTTP/1.1" 200 10024 "-" "Mozilla/5.0"
159.203.127.222 - - [06/Dec/2025:01:43:49 +0600] "POST /wp-login.php HTTP/1.1" 200 9688 "-" "Mozilla/5.0"
159.203.127.222 - - [06/Dec/2025:01:43:49 +0600] "POST /wp-login.php HTTP/1.1" 200 10358 "-" "Mozilla/5.0"
125.209.124.123 - - [06/Dec/2025:01:44:51 +0600] "POST /xmlrpc.php HTTP/1.1" 200 440 "-" "Mozilla/5.0 (X11; Ubuntu; Linux x86_64; x86) AppleWebKit/537.36 (KHTML, like Gecko) Opera/61.0.0.0 Safari/537.36"
66.249.79.76 - - [06/Dec/2025:01:44:53 +0600] "GET /detail/53796073 HTTP/1.1" 200 27114 "-" "Mozilla/5.0 (Linux; Android 6.0.1; Nexus 5X Build/MMB29P) AppleWebKit/537.36 (KHTML, like Gecko) Chrome/141.0.7390.122 Mobile Safari/537.36 (compatible; GoogleOther)"
125.209.124.123 - - [06/Dec/2025:01:46:12 +0600] "POST /xmlrpc.php HTTP/1.1" 200 440 "-" "Mozilla/5.0 (Windows NT 6.3; arm64) AppleWebKit/537.36 (KHTML, like Gecko) Opera/60.0.0.0 Safari/537.36"
66.249.79.75 - - [06/Dec/2025:01:29:43 +0600] "GET /detail/605387342 HTTP/1.1" 200 25335 "-" "Mozilla/5.0 (Linux; Android 6.0.1; Nexus 5X Build/MMB29P) AppleWebKit/537.36 (KHTML, like Gecko) Chrome/141.0.7390.122 Mobile Safari/537.36 (compatible; Googlebot/2.1; +http://www.google.com/bot.html)"
66.249.79.76 - - [06/Dec/2025:01:30:24 +0600] "GET /detail/944654743 HTTP/1.1" 200 26149 "-" "Mozilla/5.0 (Linux; Android 6.0.1; Nexus 5X Build/MMB29P) AppleWebKit/537.36 (KHTML, like Gecko) Chrome/141.0.7390.122 Mobile Safari/537.36 (compatible; GoogleOther)"
66.249.79.75 - - [06/Dec/2025:01:32:00 +0600] "GET /detail/990229852 HTTP/1.1" 200 25659 "-" "Mozilla/5.0 (Linux; Android 6.0.1; Nexus 5X Build/MMB29P) AppleWebKit/537.36 (KHTML, like Gecko) Chrome/141.0.7390.122 Mobile Safari/537.36 (compatible; GoogleOther)"
66.249.79.75 - - [06/Dec/2025:01:33:36 +0600] "GET /detail/935728038 HTTP/1.1" 200 25764 "-" "Mozilla/5.0 (Linux; Android 6.0.1; Nexus 5X Build/MMB29P) AppleWebKit/537.36 (KHTML, like Gecko) Chrome/141.0.7390.122 Mobile Safari/537.36 (compatible; GoogleOther)"
66.249.79.75 - - [06/Dec/2025:01:35:11 +0600] "GET /detail/340409155 HTTP/1.1" 200 26153 "-" "Mozilla/5.0 (Linux; Android 6.0.1; Nexus 5X Build/MMB29P) AppleWebKit/537.36 (KHTML, like Gecko) Chrome/141.0.7390.122 Mobile Safari/537.36 (compatible; GoogleOther)"
66.249.79.75 - - [06/Dec/2025:01:35:41 +0600] "GET /detail/417460750 HTTP/1.1" 200 25847 "-" "Mozilla/5.0 (Linux; Android 6.0.1; Nexus 5X Build/MMB29P) AppleWebKit/537.36 (KHTML, like Gecko) Chrome/141.0.7390.122 Mobile Safari/537.36 (compatible; GoogleOther)"
66.249.79.76 - - [06/Dec/2025:01:36:12 +0600] "GET /detail/417460750 HTTP/1.1" 200 25847 "-" "Mozilla/5.0 (Linux; Android 6.0.1; Nexus 5X Build/MMB29P) AppleWebKit/537.36 (KHTML, like Gecko) Chrome/141.0.7390.122 Mobile Safari/537.36 (compatible; Googlebot/2.1; +http://www.google.com/bot.html)"
125.209.124.123 - - [06/Dec/2025:01:36:38 +0600] "GET /wp-json/wp/v2/users HTTP/1.1" 200 2 "-" "Mozilla/4.0 (compatible; Win32; WinHttp.WinHttpRequest.5)"
66.249.79.75 - - [06/Dec/2025:01:36:47 +0600] "GET /detail/169709485 HTTP/1.1" 200 25728 "-" "Mozilla/5.0 (Linux; Android 6.0.1; Nexus 5X Build/MMB29P) AppleWebKit/537.36 (KHTML, like Gecko) Chrome/141.0.7390.122 Mobile Safari/537.36 (compatible; GoogleOther)"
66.249.79.76 - - [06/Dec/2025:01:38:24 +0600] "GET /detail/577935929 HTTP/1.1" 200 26021 "-" "Mozilla/5.0 (Linux; Android 6.0.1; Nexus 5X Build/MMB29P) AppleWebKit/537.36 (KHTML, like Gecko) Chrome/141.0.7390.122 Mobile Safari/537.36 (compatible; GoogleOther)"
125.209.124.123 - - [06/Dec/2025:01:38:28 +0600] "POST /xmlrpc.php HTTP/1.1" 200 440 "-" "Mozilla/5.0 (Macintosh; Intel Mac OS X 10_15_7; x64) AppleWebKit/537.36 (KHTML, like Gecko) Firefox/84.0.0.0 Safari/537.36"
66.249.79.64 - - [06/Dec/2025:01:39:58 +0600] "GET /detail/758628399 HTTP/1.1" 200 25738 "-" "Mozilla/5.0 (Linux; Android 6.0.1; Nexus 5X Build/MMB29P) AppleWebKit/537.36 (KHTML, like Gecko) Chrome/141.0.7390.122 Mobile Safari/537.36 (compatible; GoogleOther)"
125.209.124.123 - - [06/Dec/2025:01:40:12 +0600] "POST /xmlrpc.php HTTP/1.1" 200 440 "-" "Mozilla/5.0 (Windows NT 10.0; x64) AppleWebKit/537.36 (KHTML, like Gecko) Opera/62.0.0.0 Safari/537.36"
66.249.79.75 - - [06/Dec/2025:01:41:34 +0600] "GET /detail/194537860 HTTP/1.1" 200 25627 "-" "Mozilla/5.0 (Linux; Android 6.0.1; Nexus 5X Build/MMB29P) AppleWebKit/537.36 (KHTML, like Gecko) Chrome/141.0.7390.122 Mobile Safari/537.36 (compatible; GoogleOther)"
66.249.79.76 - - [06/Dec/2025:01:46:21 +0600] "GET /detail/930593239 HTTP/1.1" 200 25555 "-" "Mozilla/5.0 (Linux; Android 6.0.1; Nexus 5X Build/MMB29P) AppleWebKit/537.36 (KHTML, like Gecko) Chrome/141.0.7390.122 Mobile Safari/537.36 (compatible; GoogleOther)"
125.209.124.123 - - [06/Dec/2025:01:47:35 +0600] "POST /xmlrpc.php HTTP/1.1" 200 440 "-" "Mozilla/5.0 (Linux; Android 10; x86) AppleWebKit/537.36 (KHTML, like Gecko) Firefox/90.0.0.0 Safari/537.36"
66.249.79.75 - - [06/Dec/2025:01:47:57 +0600] "GET /detail/482818245 HTTP/1.1" 200 26720 "-" "Mozilla/5.0 (Linux; Android 6.0.1; Nexus 5X Build/MMB29P) AppleWebKit/537.36 (KHTML, like Gecko) Chrome/141.0.7390.122 Mobile Safari/537.36 (compatible; GoogleOther)"
66.249.79.75 - - [06/Dec/2025:01:48:54 +0600] "GET /detail/702188945 HTTP/1.1" 200 25427 "-" "Mozilla/5.0 (Linux; Android 6.0.1; Nexus 5X Build/MMB29P) AppleWebKit/537.36 (KHTML, like Gecko) Chrome/141.0.7390.122 Mobile Safari/537.36 (compatible; GoogleOther)"
125.209.124.123 - - [06/Dec/2025:01:49:04 +0600] "POST /xmlrpc.php HTTP/1.1" 200 440 "-" "Mozilla/5.0 (Macintosh; Intel Mac OS X 10_15_7; x86) AppleWebKit/537.36 (KHTML, like Gecko) Edge/96.0.0.0 Safari/537.36"
66.249.79.76 - - [06/Dec/2025:01:50:19 +0600] "GET /detail/809641422 HTTP/1.1" 200 25807 "-" "Mozilla/5.0 (Linux; Android 6.0.1; Nexus 5X Build/MMB29P) AppleWebKit/537.36 (KHTML, like Gecko) Chrome/141.0.7390.122 Mobile Safari/537.36 (compatible; GoogleOther)"
15.235.219.223 - - [06/Dec/2025:01:50:31 +0600] "POST /wp-cron.php?doing_wp_cron=1764964230.8952410221099853515625 HTTP/1.1" 200 20 "-" "WordPress/6.9; https://alcdigital.xyz"
125.209.124.123 - - [06/Dec/2025:01:50:30 +0600] "POST /xmlrpc.php HTTP/1.1" 200 440 "-" "Mozilla/5.0 (Macintosh; Intel Mac OS X 10_15_7; x64) AppleWebKit/537.36 (KHTML, like Gecko) Safari/13.0.0.0 Safari/537.36"
66.249.79.75 - - [06/Dec/2025:01:51:12 +0600] "GET /detail/723136878 HTTP/1.1" 200 25927 "-" "Mozilla/5.0 (Linux; Android 6.0.1; Nexus 5X Build/MMB29P) AppleWebKit/537.36 (KHTML, like Gecko) Chrome/141.0.7390.122 Mobile Safari/537.36 (compatible; GoogleOther)"
66.249.79.75 - - [06/Dec/2025:01:51:26 +0600] "GET /detail/288469629 HTTP/1.1" 200 25597 "-" "Mozilla/5.0 (Linux; Android 6.0.1; Nexus 5X Build/MMB29P) AppleWebKit/537.36 (KHTML, like Gecko) Chrome/141.0.7390.122 Mobile Safari/537.36 (compatible; GoogleOther)"
125.209.124.123 - - [06/Dec/2025:01:52:14 +0600] "POST /xmlrpc.php HTTP/1.1" 200 440 "-" "Mozilla/5.0 (X11; Ubuntu; Linux x86_64; arm64) AppleWebKit/537.36 (KHTML, like Gecko) Safari/12.0.0.0 Safari/537.36"
66.249.79.75 - - [06/Dec/2025:01:53:45 +0600] "GET /detail/200184137 HTTP/1.1" 200 26497 "-" "Mozilla/5.0 (Linux; Android 6.0.1; Nexus 5X Build/MMB29P) AppleWebKit/537.36 (KHTML, like Gecko) Chrome/141.0.7390.122 Mobile Safari/537.36 (compatible; GoogleOther)"
125.209.124.123 - - [06/Dec/2025:01:53:48 +0600] "POST /xmlrpc.php HTTP/1.1" 200 440 "-" "Mozilla/5.0 (Windows NT 10.0; arm64) AppleWebKit/537.36 (KHTML, like Gecko) Opera/72.0.0.0 Safari/537.36"
125.209.124.123 - - [06/Dec/2025:01:55:23 +0600] "POST /xmlrpc.php HTTP/1.1" 200 440 "-" "Mozilla/5.0 (Windows NT 6.3; x86) AppleWebKit/537.36 (KHTML, like Gecko) Chrome/101.0.0.0 Safari/537.36"
66.249.79.76 - - [06/Dec/2025:01:56:26 +0600] "GET /detail/725723631 HTTP/1.1" 200 25116 "-" "Mozilla/5.0 (Linux; Android 6.0.1; Nexus 5X Build/MMB29P) AppleWebKit/537.36 (KHTML, like Gecko) Chrome/141.0.7390.122 Mobile Safari/537.36 (compatible; GoogleOther)"
125.209.124.123 - - [06/Dec/2025:01:56:35 +0600] "POST /xmlrpc.php HTTP/1.1" 200 440 "-" "Mozilla/5.0 (X11; Ubuntu; Linux x86_64; arm64) AppleWebKit/537.36 (KHTML, like Gecko) Edge/89.0.0.0 Safari/537.36"
125.209.124.123 - - [06/Dec/2025:01:57:51 +0600] "POST /xmlrpc.php HTTP/1.1" 200 440 "-" "Mozilla/5.0 (Windows NT 10.0; x64) AppleWebKit/537.36 (KHTML, like Gecko) Opera/66.0.0.0 Safari/537.36"
125.209.124.123 - - [06/Dec/2025:01:59:01 +0600] "POST /xmlrpc.php HTTP/1.1" 200 440 "-" "Mozilla/5.0 (Macintosh; Intel Mac OS X 10_15_7; x86) AppleWebKit/537.36 (KHTML, like Gecko) Firefox/100.0.0.0 Safari/537.36"
66.249.79.76 - - [06/Dec/2025:01:59:18 +0600] "GET /detail/373967071 HTTP/1.1" 200 26132 "-" "Mozilla/5.0 (Linux; Android 6.0.1; Nexus 5X Build/MMB29P) AppleWebKit/537.36 (KHTML, like Gecko) Chrome/141.0.7390.122 Mobile Safari/537.36 (compatible; GoogleOther)"
125.209.124.123 - - [06/Dec/2025:02:00:14 +0600] "POST /xmlrpc.php HTTP/1.1" 200 440 "-" "Mozilla/5.0 (X11; Ubuntu; Linux x86_64; x86) AppleWebKit/537.36 (KHTML, like Gecko) Edge/80.0.0.0 Safari/537.36"
159.203.127.222 - - [06/Dec/2025:02:00:32 +0600] "POST /wp-login.php HTTP/1.1" 200 9690 "-" "Mozilla/5.0"
159.203.127.222 - - [06/Dec/2025:02:00:32 +0600] "POST /wp-login.php HTTP/1.1" 200 9886 "-" "Mozilla/5.0"
159.203.127.222 - - [06/Dec/2025:02:00:32 +0600] "POST /wp-login.php HTTP/1.1" 200 9896 "-" "Mozilla/5.0"
159.203.127.222 - - [06/Dec/2025:02:00:32 +0600] "POST /wp-login.php HTTP/1.1" 200 10052 "-" "Mozilla/5.0"
159.203.127.222 - - [06/Dec/2025:02:00:32 +0600] "POST /wp-login.php HTTP/1.1" 200 9782 "-" "Mozilla/5.0"
159.203.127.222 - - [06/Dec/2025:02:00:32 +0600] "POST /wp-login.php HTTP/1.1" 200 10110 "-" "Mozilla/5.0"
125.209.124.123 - - [06/Dec/2025:02:01:13 +0600] "POST /xmlrpc.php HTTP/1.1" 200 440 "-" "Mozilla/5.0 (X11; Ubuntu; Linux x86_64; x86) AppleWebKit/537.36 (KHTML, like Gecko) Opera/80.0.0.0 Safari/537.36"
66.249.79.76 - - [06/Dec/2025:02:02:07 +0600] "GET /detail/80119743 HTTP/1.1" 200 26013 "-" "Mozilla/5.0 (Linux; Android 6.0.1; Nexus 5X Build/MMB29P) AppleWebKit/537.36 (KHTML, like Gecko) Chrome/141.0.7390.122 Mobile Safari/537.36 (compatible; GoogleOther)"
125.209.124.123 - - [06/Dec/2025:02:02:16 +0600] "POST /xmlrpc.php HTTP/1.1" 200 440 "-" "Mozilla/5.0 (Windows NT 6.2; x64) AppleWebKit/537.36 (KHTML, like Gecko) Opera/79.0.0.0 Safari/537.36"
